der when 26 is divided by f(d)?
5
Suppose t = 5*j + 91, 3*j = -2*t - 2*t + 295. Calculate the remainder when t is divided by 2/26*13 + 12.
11
Suppose 15*l + 227 = 302. What is the remainder when 34/1*(-2)/(-4) is divided by l?
2
Suppose 4*i - 13 = -b, 0 = 2*b + 2*i + i - 21. What is the remainder when -4 + b/6*34 is divided by 17?
13
Suppose 157 = 2*g + 2*u + u, -u = 4*g - 299. What is the remainder when 235 is divided by g?
13
Let b = -29 - -34. Suppose 10 = -b*z + 30. Calculate the remainder when 9 is divided by z.
1
Let r = 2696 + -2326. Calculate the remainder when r is divided by 72.
10
Let x(v) = v**3 + v**2 + 3*v + 2. Let o be x(-2). Let i = o - -18. Calculate the remainder when 39 is divided by i.
9
Suppose u + 3*p = -8, -2*p + 0 = -u + 7. Let n = u + 22. What is the remainder when n is divided by 9?
5
Suppose -20*b + 21*b = 21. What is the remainder when 186 is divided by b?
18
Let m = 100 + -66. Let r = 61 - m. What is the remainder when r is divided by 16?
11
Let s(t) = 6*t - 2. Let j(w) = -w**3 - 10*w**2 - w - 6. Let o be j(-10). What is the remainder when 85 is divided by s(o)?
19
Suppose -2*i - 3*d + 64 = 0, -2*i + 52 = -0*i - 3*d. Calculate the remainder when i is divided by 8.
5
Let f be (0/(-4))/(-1 - -2). Suppose f*o - 45 = -5*o. What is the remainder when 17 is divided by o?
8
Suppose 0 = -2*v + 4*j + 88, 0 = 4*j - 3*j + 1. What is the remainder when v is divided by 24?
18
Suppose 264 - 4 = 4*v. Calculate the remainder when v is divided by 12.
5
Let z = -11 + 3. What is the remainder when 23 is divided by ((-48)/(-16))/((-6)/z)?
3
Suppose 0*d + 156 = 3*v + 2*d, -3*v = 3*d - 153. Let l be (-42)/5 - 2/(-5). Let f(k) = k**2 + 6*k - 2. Calculate the remainder when v is divided by f(l).
12
Let g(q) = -q - 8. Let w be -2*((-10)/35 + 5/(-7)). Suppose -u - 3*s + 33 = -0*u, 5*u - w*s = 114. Calculate the remainder when u is divided by g(-13).
4
Let p = -235 - -323. Calculate the remainder when p is divided by 28.
4
Let f = 986 - 958. Calculate the remainder when 192 is divided by f.
24
Suppose j = 3*l - 134, -3*l + 3*j - 126 = -6*l. Suppose -73 - l = -9*x. Calculate the remainder when 25 is divided by x.
12
Let u(h) = 1 - 58*h**2 - 3*h + 60*h**2 - h. What is the remainder when u(4) is divided by 4?
1
Let d(m) = 39*m**3 - m**2 + 17*m - 29. What is the remainder when d(2) is divided by 13?
1
Let g = 5 + 6. Let c be 2 - 1 - (13 + -9). What is the remainder when 10*(-27)/(-6) + c is divided by g?
9
Suppose 61*m - 51*m = 1170. What is the remainder when m is divided by 48?
21
Suppose -4*n - 5*q = -54, 0 = -4*n - 2*q - q + 58. Let t = 294 - 288. Calculate the remainder when n is divided by t.
4
Suppose -2*a - 5*x = -238, 5*x = -5*a + 120 + 475. Calculate the remainder when a is divided by 5.
4
Suppose 0 = 13*a - 5*a - 40. Suppose -2*o = a*r - 23, 4*r - 26 = -3*o + o. What is the remainder when 37 is divided by o?
18
Suppose 5*j + 242 = 827. Suppose -3*a + 53 + 7 = 0. Calculate the remainder when j is divided by a.
17
Suppose 254 = 6*f - 4*f. Calculate the remainder when f is divided by 69.
58
Let d = 5 - 1. Let g(f) = -f**3 + 3*f**2 + 7*f + 17. Let s be (-7)/21 - 32/(-6). What is the remainder when d is divided by g(s)?
0
Let t be (-1578)/(-5) - 12/(-30). Suppose 85 - t = 7*i. What is the remainder when 2/(-11) + (-666)/i is divided by 12?
8
Suppose -5*b - s + 949 = 0, 0 = -2*b - 34*s + 33*s + 379. What is the remainder when b is divided by 98?
92
Let s = 1050 + -677. Calculate the remainder when s is divided by 14.
9
Suppose 15 = 5*o, o = 2*x - 85 - 14. Suppose -105*a = -109*a + 72. Calculate the remainder when x is divided by a.
15
What is the remainder when ((-316)/24)/((-2)/12) is divided by 44?
35
Let s(j) be the first derivative of 5*j**3/3 + 2*j**2 + 2*j + 4. What is the remainder when 5 is divided by s(-1)?
2
Suppose 48 = 230*q - 224*q. Let p = -1 + 31. What is the remainder when p is divided by q?
6
Let j = 12 + -20. Let k(g) = -g**3 + 2*g**2 + g. What is the remainder when k(-2) is divided by 9/((-9)/j) - 4?
2
Let l = 28 - 17. Suppose -b = -18 - l. Suppose 1978 = 58*o - 35*o. Calculate the remainder when o is divided by b.
28
Let h(f) = -f**3 - 7*f**2 + 5*f - 4. Let w be h(-8). Suppose 0 = -0*o - 2*o + 78. What is the remainder when o is divided by (w/12)/5 + 124/6?
18
Let x be -13 + 6 + (2 - 5). What is the remainder when 1 - x*(-4 - -5) is divided by (9/(-2))/((-3)/4)?
5
Let p = 0 - -7. Let k(j) = -21*j. Let v be k(-1). Let w = v + -18. Calculate the remainder when p is divided by w.
1
Let f = -14 + 21. Suppose f*i = 2*i + 50. Calculate the remainder when i is divided by 6.
4
Let t(d) = 8*d + 26. What is the remainder when 69 is divided by t(-2)?
9
Let s(p) = -4*p - 34. Let b = 25 - 42. Calculate the remainder when s(b) is divided by 19.
15
Let n = -137 + 195. Calculate the remainder when 229 is divided by n.
55
Let g = -62 - -85. Suppose -3*x + 4*s = x - 60, 0 = -2*x + s + 25. What is the remainder when g is divided by x?
3
Let o(w) = w**3 - 13*w**2 - 50*w + 39. Suppose 0 = y - 22 - 5. Calculate the remainder when y is divided by o(16).
6
Let z(d) = 9. Let l(n) = n - 8. Let t(w) = -2*l(w) - 3*z(w). Let c be t(-6). What is the remainder when 24 is divided by 3/c + (-48)/(-8)?
6
Suppose k = 3*l - 3080 + 1213, -k = 5*l - 3125. What is the remainder when l is divided by 18?
12
Let p = 70 + -101. Let m = -22 - p. Let l(v) = v**3 + 6*v**2 + 3*v + 4. Calculate the remainder when l(-4) is divided by m.
6
Suppose -4*s + 7*s = -h + 233, -16 = -4*s. Calculate the remainder when h is divided by 77.
67
Let r(n) = -n**2 - 13*n + 9. Let m be r(-13). Suppose -4*j - 2 = -d, 2*d = 6*d - 3*j - 60. Calculate the remainder when d is divided by (60/m)/((-4)/(-6)).
8
Let s = 2 - -2. Suppose s*n = -y + 8, 2*y - 5*y + 16 = 4*n. What is the remainder when y is divided by 4?
0
Suppose 2*m - 24 = -6*m. Suppose -5*u + 18 - m = 0. Calculate the remainder when 10 is divided by u.
1
Suppose 126 = 4*y - 66. Let j = 120 - 118. Let p(m) = 3*m**3 - 5*m**2 + 6*m - 2. What is the remainder when y is divided by p(j)?
6
Let f be 2/(-15) - 104/120. Let h = 2 - f. Calculate the remainder when 8/(-36) - 101/(-9) is divided by h.
2
Let z = 34 - 91. Calculate the remainder when (z/2)/(2/(-4)) is divided by (0 + 5 - 0)/(4/24).
27
Let j(m) = m**3 + 8*m**2 - 19*m - 4. What is the remainder when j(-8) is divided by 15?
13
Let k(b) = -2*b + 8. Let r be k(5). Calculate the remainder when 13 is divided by 0 + r*(-3 + 1).
1
Let k = 33 - 10. Let m = k + -19. Suppose -d = -3*i - 27, -d - 4*i = d - m. What is the remainder when 22 is divided by d?
10
Suppose 0 = -4*j + 5*b + 12, b - 2*b + 12 = 4*j. Suppose -l = -4*w + 30 + 137, 132 = 3*w - j*l. Calculate the remainder when 81 is divided by w.
40
Let s = 773 - 513. Calculate the remainder when s is divided by 43.
2
Calculate the remainder when (1160/(-30))/((-40)/12)*10 is divided by 9.
8
Suppose 12*d + 11 - 35 = 0. Let p(l) = 7*l - 2 - 6*l + 0. Calculate the remainder when p(7) is divided by d.
1
Let s = -23 + 161. What is the remainder when s is divided by 14?
12
Suppose -4791 = -11*r + 6*r + 3*k, -3*r = -k - 2873. What is the remainder when r is divided by 64?
61
Suppose -6 = -2*y, -c + 45 = -3*c + y. Let f = 57 + c. What is the remainder when (59 + -94)/(1*(-1)/3) is divided by f?
33
Suppose 12 = 4*c, -3*s + 4*c - 3 = 33. Let b be (-4 - -3)/(2/s). Suppose b*h - 84 = h. Calculate the remainder when 111 is divided by h.
27
Let r(w) = w - 4. Let q = 10 - 6. Let o be r(q). Calculate the remainder when o*(-3 - -2) + 21 is divided by 13.
8
Let i = 20 + 0. Let l be 146/(-12) - 1/(-6). Let a = i + l. What is the remainder when 15 is divided by a?
7
Let b(u) = -u**2 - 37*u - 78. Suppose -o - 376 = -5*o. Calculate the remainder when o is divided by b(-34).
22
Suppose -20*v + 3734 = -1106. What is the remainder when v is divided by 9?
8
Suppose k + 2*i = 6*i + 29, 0 = -4*k + 3*i + 51. Suppose 0 = k*d - 27*d + 2718. What is the remainder when d is divided by 17?
15
Let y(x) = x**2 + 8*x - 14. What is the remainder when y(-13) is divided by (-13)/((-1)/(-3 + 4))?
12
Let y(o) = 18*o**3 - 2*o**2 + 3*o - 1. Suppose -4*g + 18 = -0*z - 2*z, -g + 10 = 5*z. Calculate the remainder when 71 is divided by y(z).
17
Suppose -8 = -5*m + 57. Suppose 